{"id":360,"date":"2024-07-19T23:04:01","date_gmt":"2024-07-19T21:04:01","guid":{"rendered":"https:\/\/celt.com.ar\/site\/?page_id=360"},"modified":"2024-12-20T13:01:59","modified_gmt":"2024-12-20T12:01:59","slug":"institucional","status":"publish","type":"page","link":"https:\/\/celt.com.ar\/site\/index.php\/institucional\/","title":{"rendered":"Institucional"},"content":{"rendered":"\t\t<div data-elementor-type=\"wp-page\" data-elementor-id=\"360\" class=\"elementor elementor-360\">\n\t\t\t\t<div class=\"elementor-element elementor-element-d017526 e-flex e-con-boxed e-con e-parent\" data-id=\"d017526\" data-element_type=\"container\">\n\t\t\t\t\t<div class=\"e-con-inner\">\n\t\t<div class=\"elementor-element elementor-element-3845510 e-con-full e-flex e-con e-child\" data-id=\"3845510\" data-element_type=\"container\">\n\t\t\t\t<div class=\"elementor-element elementor-element-e83c114 elementor-widget elementor-widget-heading\" data-id=\"e83c114\" data-element_type=\"widget\" data-widget_type=\"heading.default\">\n\t\t\t\t<div class=\"elementor-widget-container\">\n\t\t\t<h2 class=\"elementor-heading-title elementor-size-default\">Nuestra <span style=\"color:#0E73B2\">Historia<\/span><\/h2>\t\t<\/div>\n\t\t\t\t<\/div>\n\t\t\t\t<div class=\"elementor-element elementor-element-433d7c2 elementor-widget-divider--view-line elementor-widget elementor-widget-divider\" data-id=\"433d7c2\" data-element_type=\"widget\" data-widget_type=\"divider.default\">\n\t\t\t\t<div class=\"elementor-widget-container\">\n\t\t\t\t\t<div class=\"elementor-divider\">\n\t\t\t<span class=\"elementor-divider-separator\">\n\t\t\t\t\t\t<\/span>\n\t\t<\/div>\n\t\t\t\t<\/div>\n\t\t\t\t<\/div>\n\t\t\t\t<div class=\"elementor-element elementor-element-d06bc5c elementor-widget elementor-widget-image-gallery\" data-id=\"d06bc5c\" data-element_type=\"widget\" data-widget_type=\"image-gallery.default\">\n\t\t\t\t<div class=\"elementor-widget-container\">\n\t\t\t\t\t<div class=\"elementor-image-gallery\">\n\t\t\t<div id='gallery-1' class='gallery galleryid-360 gallery-columns-1 gallery-size-full'><figure class='gallery-item'>\n\t\t\t<div class='gallery-icon landscape'>\n\t\t\t\t<a data-elementor-open-lightbox=\"yes\" data-elementor-lightbox-slideshow=\"d06bc5c\" data-elementor-lightbox-title=\"vie08\" data-e-action-hash=\"#elementor-action%3Aaction%3Dlightbox%26settings%3DeyJpZCI6NDY5LCJ1cmwiOiJodHRwczpcL1wvY2VsdC5jb20uYXJcL3NpdGVcL3dwLWNvbnRlbnRcL3VwbG9hZHNcLzIwMjRcLzA3XC92aWUwOC5qcGciLCJzbGlkZXNob3ciOiJkMDZiYzVjIn0%3D\" href='https:\/\/celt.com.ar\/site\/wp-content\/uploads\/2024\/07\/vie08.jpg'><img fetchpriority=\"high\" decoding=\"async\" width=\"600\" height=\"386\" src=\"https:\/\/celt.com.ar\/site\/wp-content\/uploads\/2024\/07\/vie08.jpg\" class=\"attachment-full size-full\" alt=\"\" srcset=\"https:\/\/celt.com.ar\/site\/wp-content\/uploads\/2024\/07\/vie08.jpg 600w, https:\/\/celt.com.ar\/site\/wp-content\/uploads\/2024\/07\/vie08-300x193.jpg 300w\" sizes=\"(max-width: 600px) 100vw, 600px\" \/><\/a>\n\t\t\t<\/div><\/figure><figure class='gallery-item'>\n\t\t\t<div class='gallery-icon landscape'>\n\t\t\t\t<a data-elementor-open-lightbox=\"yes\" data-elementor-lightbox-slideshow=\"d06bc5c\" data-elementor-lightbox-title=\"vie01\" data-e-action-hash=\"#elementor-action%3Aaction%3Dlightbox%26settings%3DeyJpZCI6NDY1LCJ1cmwiOiJodHRwczpcL1wvY2VsdC5jb20uYXJcL3NpdGVcL3dwLWNvbnRlbnRcL3VwbG9hZHNcLzIwMjRcLzA3XC92aWUwMS5qcGciLCJzbGlkZXNob3ciOiJkMDZiYzVjIn0%3D\" href='https:\/\/celt.com.ar\/site\/wp-content\/uploads\/2024\/07\/vie01.jpg'><img decoding=\"async\" width=\"600\" height=\"413\" src=\"https:\/\/celt.com.ar\/site\/wp-content\/uploads\/2024\/07\/vie01.jpg\" class=\"attachment-full size-full\" alt=\"\" srcset=\"https:\/\/celt.com.ar\/site\/wp-content\/uploads\/2024\/07\/vie01.jpg 600w, https:\/\/celt.com.ar\/site\/wp-content\/uploads\/2024\/07\/vie01-300x207.jpg 300w\" sizes=\"(max-width: 600px) 100vw, 600px\" \/><\/a>\n\t\t\t<\/div><\/figure>\n\t\t<\/div>\n\t\t<\/div>\n\t\t\t\t<\/div>\n\t\t\t\t<\/div>\n\t\t\t\t<\/div>\n\t\t<div class=\"elementor-element elementor-element-ed22620 e-con-full e-flex e-con e-child\" data-id=\"ed22620\" data-element_type=\"container\">\n\t\t\t\t<div class=\"elementor-element elementor-element-9e90c20 elementor-widget elementor-widget-text-editor\" data-id=\"9e90c20\" data-element_type=\"widget\" data-widget_type=\"text-editor.default\">\n\t\t\t\t<div class=\"elementor-widget-container\">\n\t\t\t\t\t\t\t<p>El progreso en materia el\u00e9ctrica llega a Tornquist en 1923, a\u00f1o en que se termina el uso permanente de las l\u00e1mparas a keros\u00e9n, con su recordada luz amarillenta. Por primera vez los carnavales son festejados con iluminaci\u00f3n el\u00e9ctrica generada en la propia localidad.<\/p><p>Pasan los a\u00f1os y surgen los problemas. Se deteriora la maquinaria de la Usina y no abunda el dinero para mejorarla debido a las bajas recaudaciones por consumo.<\/p><p>A fines de 1957 se rompe, sin posibilidad de reparaci\u00f3n, un grupo generador de la Usina El\u00e9ctrica Municipal. Esto crea un clima de gran inquietud, pues la planta quedaba reducida a s\u00f3lo dos motores con 200hp. de potencia total, y en no muy buenas condiciones de rendimiento.<\/p><p>Durante un largo lapso de tiempo, fundamentalmente de 12 a 17 horas, Tornquist quedaba diariamente sin luz.<\/p><p>As\u00ed comienza a surgir un <strong>movimiento vecinal<\/strong> que se concientiza del problema, avisorando la soluci\u00f3n mediante la <strong>formaci\u00f3n de una Cooperativa El\u00e9ctrica<\/strong>. A su vez, el se\u00f1or Comisionado Municipal Ing. Adolfo Kugler, movido por la misma inquietud, resuelve convocar a una reuni\u00f3n de vecinos para interiorizarlos de la soluci\u00f3n precaria por la que atraviesa la Usina Municipal y cu\u00e1les son las posibilidades futuras.<\/p><p>Dicha reuni\u00f3n se concentra el 10 de febrero de 1958, en el Sal\u00f3n Blanco de la Municipalidad. Tras el informe del Ing. Kugler, y vista la imposibilidad de obtener cr\u00e9ditos o de alquilar equipos, se resuelve<strong> fundar una Cooperativa El\u00e9ctrica<\/strong>, considerando que es el mejor medio para encarar este asunto.<\/p><p>All\u00ed mismo los vecinos se constituyen en Asamblea, nombr\u00e1ndose presidente de la misma al Sr. Emilio Alonso, y secretario al Sr. Roberto Sorbet. Resuelta la inquietud de que una vez desarrollado el tr\u00e1mite se podr\u00e1 obtener el traspaso de los bienes de la Usina Municipal a la futura Cooperativa mediante el pago de acciones, se elige una Comisi\u00f3n Provisoria para organizar la Cooperativa.<\/p>\t\t\t\t\t\t<\/div>\n\t\t\t\t<\/div>\n\t\t\t\t<\/div>\n\t\t\t\t\t<\/div>\n\t\t\t\t<\/div>\n\t\t<div class=\"elementor-element elementor-element-e739aa3 e-flex e-con-boxed e-con e-parent\" data-id=\"e739aa3\" data-element_type=\"container\">\n\t\t\t\t\t<div class=\"e-con-inner\">\n\t\t<div class=\"elementor-element elementor-element-eff76b3 e-con-full e-flex e-con e-child\" data-id=\"eff76b3\" data-element_type=\"container\">\n\t\t\t\t<div class=\"elementor-element elementor-element-952c653 elementor-widget elementor-widget-heading\" data-id=\"952c653\" data-element_type=\"widget\" data-widget_type=\"heading.default\">\n\t\t\t\t<div class=\"elementor-widget-container\">\n\t\t\t<h2 class=\"elementor-heading-title elementor-size-default\">Asamblea <span style=\"color:#0E73B2\">Constitutiva<\/span><\/h2>\t\t<\/div>\n\t\t\t\t<\/div>\n\t\t\t\t<div class=\"elementor-element elementor-element-c64c997 elementor-widget-divider--view-line elementor-widget elementor-widget-divider\" data-id=\"c64c997\" data-element_type=\"widget\" data-widget_type=\"divider.default\">\n\t\t\t\t<div class=\"elementor-widget-container\">\n\t\t\t\t\t<div class=\"elementor-divider\">\n\t\t\t<span class=\"elementor-divider-separator\">\n\t\t\t\t\t\t<\/span>\n\t\t<\/div>\n\t\t\t\t<\/div>\n\t\t\t\t<\/div>\n\t\t\t\t<div class=\"elementor-element elementor-element-17be40a elementor-widget elementor-widget-image-gallery\" data-id=\"17be40a\" data-element_type=\"widget\" data-widget_type=\"image-gallery.default\">\n\t\t\t\t<div class=\"elementor-widget-container\">\n\t\t\t\t\t<div class=\"elementor-image-gallery\">\n\t\t\t<div id='gallery-2' class='gallery galleryid-360 gallery-columns-1 gallery-size-full'><figure class='gallery-item'>\n\t\t\t<div class='gallery-icon landscape'>\n\t\t\t\t<a data-elementor-open-lightbox=\"yes\" data-elementor-lightbox-slideshow=\"17be40a\" data-elementor-lightbox-title=\"vie05\" data-e-action-hash=\"#elementor-action%3Aaction%3Dlightbox%26settings%3DeyJpZCI6NDcwLCJ1cmwiOiJodHRwczpcL1wvY2VsdC5jb20uYXJcL3NpdGVcL3dwLWNvbnRlbnRcL3VwbG9hZHNcLzIwMjRcLzA3XC92aWUwNS5qcGciLCJzbGlkZXNob3ciOiIxN2JlNDBhIn0%3D\" href='https:\/\/celt.com.ar\/site\/wp-content\/uploads\/2024\/07\/vie05.jpg'><img decoding=\"async\" width=\"600\" height=\"394\" src=\"https:\/\/celt.com.ar\/site\/wp-content\/uploads\/2024\/07\/vie05.jpg\" class=\"attachment-full size-full\" alt=\"\" srcset=\"https:\/\/celt.com.ar\/site\/wp-content\/uploads\/2024\/07\/vie05.jpg 600w, https:\/\/celt.com.ar\/site\/wp-content\/uploads\/2024\/07\/vie05-300x197.jpg 300w\" sizes=\"(max-width: 600px) 100vw, 600px\" \/><\/a>\n\t\t\t<\/div><\/figure><figure class='gallery-item'>\n\t\t\t<div class='gallery-icon landscape'>\n\t\t\t\t<a data-elementor-open-lightbox=\"yes\" data-elementor-lightbox-slideshow=\"17be40a\" data-elementor-lightbox-title=\"vie03\" data-e-action-hash=\"#elementor-action%3Aaction%3Dlightbox%26settings%3DeyJpZCI6NDcyLCJ1cmwiOiJodHRwczpcL1wvY2VsdC5jb20uYXJcL3NpdGVcL3dwLWNvbnRlbnRcL3VwbG9hZHNcLzIwMjRcLzA3XC92aWUwMy5qcGciLCJzbGlkZXNob3ciOiIxN2JlNDBhIn0%3D\" href='https:\/\/celt.com.ar\/site\/wp-content\/uploads\/2024\/07\/vie03.jpg'><img loading=\"lazy\" decoding=\"async\" width=\"600\" height=\"516\" src=\"https:\/\/celt.com.ar\/site\/wp-content\/uploads\/2024\/07\/vie03.jpg\" class=\"attachment-full size-full\" alt=\"\" srcset=\"https:\/\/celt.com.ar\/site\/wp-content\/uploads\/2024\/07\/vie03.jpg 600w, https:\/\/celt.com.ar\/site\/wp-content\/uploads\/2024\/07\/vie03-300x258.jpg 300w\" sizes=\"(max-width: 600px) 100vw, 600px\" \/><\/a>\n\t\t\t<\/div><\/figure>\n\t\t<\/div>\n\t\t<\/div>\n\t\t\t\t<\/div>\n\t\t\t\t<\/div>\n\t\t\t\t<\/div>\n\t\t<div class=\"elementor-element elementor-element-eee23c8 e-con-full e-flex e-con e-child\" data-id=\"eee23c8\" data-element_type=\"container\">\n\t\t\t\t<div class=\"elementor-element elementor-element-366b260 elementor-widget elementor-widget-text-editor\" data-id=\"366b260\" data-element_type=\"widget\" data-widget_type=\"text-editor.default\">\n\t\t\t\t<div class=\"elementor-widget-container\">\n\t\t\t\t\t\t\t<p>En el Sal\u00f3n de la Sociedad Germ\u00e1nica, con la asistencia de 92 vecinos, y contando con la presencia especial del Dr. Guillermo Barbero -delegado de FACE- y los se\u00f1ores Francisco Mu\u00f1iz, Francisco Loge, Juan Citt\u00e1 y Francisco L\u00f3pez (de la Cooperativa El\u00e9ctrica Bahiense Ltda.), se realiza la Gran Asamblea Popular, con el prop\u00f3sito de dejar constitu\u00edda la Cooperativa El\u00e9ctrica de Tornquist, siendo el d\u00eda 22 de Marzo de 1958.<\/p><p>Despu\u00e9s de amplias deliberaciones, y de aprobarse el Estatuto, se procede a designar a los miembros titulares del Concejo de Adminisrtaci\u00f3n, y se suscriben acciones por el valor de $343.000 m\/n.<\/p><p>El 25 de Marzo de 1958, reunidos los miembros elegidos en la Secretar\u00eda de la Biblioteca Popular E. Tornquist, proceden a distribuir los cargos, dejando as\u00ed constituido el Primer Consejo de Administraci\u00f3n, que queda integrado de esta manera:<\/p><p><strong>Presidente:<\/strong>\u00a0Dr. Jos\u00e9 Manuel Rodr\u00edguez<br \/><strong>Vice Presidente:<\/strong>\u00a0Dr. Ra\u00fal L. Frizza<br \/><strong>Secretario:<\/strong>\u00a0Emilio Alonso<br \/><strong>Pro Secretario:<\/strong>\u00a0Carlos Molina<br \/><strong>Tesorero:<\/strong>\u00a0Omar Nazca<br \/><strong>Vocales Titulares:<\/strong>\u00a0Roberto Sorbet, R\u00f3mulo Bruni, Dino Buschi, Alberto Gonz\u00e1les<br \/><strong>Vocales Suplentes:<\/strong>\u00a0Ricardo Glave, Ignacio Astobiza, Nello Foresti<br \/><strong>Sindicato Titular:<\/strong>\u00a0Escr. Alejandro Astiz<br \/><strong>Sindicato Suplente:<\/strong>\u00a0Genaro Ferrandi<\/p><p>Comienza as\u00ed una historia de constantes y fecundas realizaciones.<\/p><p>El Concejo Deliberante resuelve entregar la explotaci\u00f3n del servicio p\u00fablico a la Cooperativa El\u00e9ctrica, dict\u00e1ndose en agosto del 1959 la Ordenanza Convenio que regula las condiciones de cesi\u00f3n del servicio.-<\/p>\t\t\t\t\t\t<\/div>\n\t\t\t\t<\/div>\n\t\t\t\t<\/div>\n\t\t\t\t\t<\/div>\n\t\t\t\t<\/div>\n\t\t\t\t<\/div>\n\t\t","protected":false},"excerpt":{"rendered":"<p>Nuestra Historia El progreso en materia el\u00e9ctrica llega a Tornquist en 1923, a\u00f1o en que se termina el uso permanente de las l\u00e1mparas a keros\u00e9n, con su recordada luz amarillenta. Por primera vez los carnavales son festejados con iluminaci\u00f3n el\u00e9ctrica generada en la propia localidad. Pasan los a\u00f1os y surgen los problemas. Se deteriora la [&hellip;]<\/p>\n","protected":false},"author":1,"featured_media":0,"parent":0,"menu_order":0,"comment_status":"closed","ping_status":"closed","template":"elementor_header_footer","meta":{"footnotes":""},"class_list":["post-360","page","type-page","status-publish","hentry"],"yoast_head":"<!-- This site is optimized with the Yoast SEO plugin v24.1 - https:\/\/yoast.com\/wordpress\/plugins\/seo\/ -->\n<title>Institucional - CELT<\/title>\n<meta name=\"robots\" content=\"index, follow, max-snippet:-1, max-image-preview:large, max-video-preview:-1\" \/>\n<link rel=\"canonical\" href=\"https:\/\/celt.com.ar\/site\/index.php\/institucional\/\" \/>\n<meta property=\"og:locale\" content=\"es_ES\" \/>\n<meta property=\"og:type\" content=\"article\" \/>\n<meta property=\"og:title\" content=\"Institucional - CELT\" \/>\n<meta property=\"og:description\" content=\"Nuestra Historia El progreso en materia el\u00e9ctrica llega a Tornquist en 1923, a\u00f1o en que se termina el uso permanente de las l\u00e1mparas a keros\u00e9n, con su recordada luz amarillenta. Por primera vez los carnavales son festejados con iluminaci\u00f3n el\u00e9ctrica generada en la propia localidad. Pasan los a\u00f1os y surgen los problemas. Se deteriora la [&hellip;]\" \/>\n<meta property=\"og:url\" content=\"https:\/\/celt.com.ar\/site\/index.php\/institucional\/\" \/>\n<meta property=\"og:site_name\" content=\"CELT\" \/>\n<meta property=\"article:modified_time\" content=\"2024-12-20T12:01:59+00:00\" \/>\n<meta property=\"og:image\" content=\"https:\/\/celt.com.ar\/site\/wp-content\/uploads\/2024\/07\/vie08.jpg\" \/>\n<meta name=\"twitter:card\" content=\"summary_large_image\" \/>\n<meta name=\"twitter:label1\" content=\"Tiempo de lectura\" \/>\n\t<meta name=\"twitter:data1\" content=\"4 minutos\" \/>\n<script type=\"application\/ld+json\" class=\"yoast-schema-graph\">{\"@context\":\"https:\/\/schema.org\",\"@graph\":[{\"@type\":\"WebPage\",\"@id\":\"https:\/\/celt.com.ar\/site\/index.php\/institucional\/\",\"url\":\"https:\/\/celt.com.ar\/site\/index.php\/institucional\/\",\"name\":\"Institucional - CELT\",\"isPartOf\":{\"@id\":\"https:\/\/celt.com.ar\/site\/#website\"},\"primaryImageOfPage\":{\"@id\":\"https:\/\/celt.com.ar\/site\/index.php\/institucional\/#primaryimage\"},\"image\":{\"@id\":\"https:\/\/celt.com.ar\/site\/index.php\/institucional\/#primaryimage\"},\"thumbnailUrl\":\"https:\/\/celt.com.ar\/site\/wp-content\/uploads\/2024\/07\/vie08.jpg\",\"datePublished\":\"2024-07-19T21:04:01+00:00\",\"dateModified\":\"2024-12-20T12:01:59+00:00\",\"breadcrumb\":{\"@id\":\"https:\/\/celt.com.ar\/site\/index.php\/institucional\/#breadcrumb\"},\"inLanguage\":\"es\",\"potentialAction\":[{\"@type\":\"ReadAction\",\"target\":[\"https:\/\/celt.com.ar\/site\/index.php\/institucional\/\"]}]},{\"@type\":\"ImageObject\",\"inLanguage\":\"es\",\"@id\":\"https:\/\/celt.com.ar\/site\/index.php\/institucional\/#primaryimage\",\"url\":\"https:\/\/celt.com.ar\/site\/wp-content\/uploads\/2024\/07\/vie08.jpg\",\"contentUrl\":\"https:\/\/celt.com.ar\/site\/wp-content\/uploads\/2024\/07\/vie08.jpg\"},{\"@type\":\"BreadcrumbList\",\"@id\":\"https:\/\/celt.com.ar\/site\/index.php\/institucional\/#breadcrumb\",\"itemListElement\":[{\"@type\":\"ListItem\",\"position\":1,\"name\":\"Portada\",\"item\":\"https:\/\/celt.com.ar\/site\/\"},{\"@type\":\"ListItem\",\"position\":2,\"name\":\"Institucional\"}]},{\"@type\":\"WebSite\",\"@id\":\"https:\/\/celt.com.ar\/site\/#website\",\"url\":\"https:\/\/celt.com.ar\/site\/\",\"name\":\"CELT\",\"description\":\"Cooperativa El\u00e9ctrica de Tornquist\",\"publisher\":{\"@id\":\"https:\/\/celt.com.ar\/site\/#organization\"},\"potentialAction\":[{\"@type\":\"SearchAction\",\"target\":{\"@type\":\"EntryPoint\",\"urlTemplate\":\"https:\/\/celt.com.ar\/site\/?s={search_term_string}\"},\"query-input\":{\"@type\":\"PropertyValueSpecification\",\"valueRequired\":true,\"valueName\":\"search_term_string\"}}],\"inLanguage\":\"es\"},{\"@type\":\"Organization\",\"@id\":\"https:\/\/celt.com.ar\/site\/#organization\",\"name\":\"CELT\",\"url\":\"https:\/\/celt.com.ar\/site\/\",\"logo\":{\"@type\":\"ImageObject\",\"inLanguage\":\"es\",\"@id\":\"https:\/\/celt.com.ar\/site\/#\/schema\/logo\/image\/\",\"url\":\"https:\/\/celt.com.ar\/site\/wp-content\/uploads\/2024\/06\/CELT.png\",\"contentUrl\":\"https:\/\/celt.com.ar\/site\/wp-content\/uploads\/2024\/06\/CELT.png\",\"width\":515,\"height\":574,\"caption\":\"CELT\"},\"image\":{\"@id\":\"https:\/\/celt.com.ar\/site\/#\/schema\/logo\/image\/\"}}]}<\/script>\n<!-- \/ Yoast SEO plugin. -->","yoast_head_json":{"title":"Institucional - CELT","robots":{"index":"index","follow":"follow","max-snippet":"max-snippet:-1","max-image-preview":"max-image-preview:large","max-video-preview":"max-video-preview:-1"},"canonical":"https:\/\/celt.com.ar\/site\/index.php\/institucional\/","og_locale":"es_ES","og_type":"article","og_title":"Institucional - CELT","og_description":"Nuestra Historia El progreso en materia el\u00e9ctrica llega a Tornquist en 1923, a\u00f1o en que se termina el uso permanente de las l\u00e1mparas a keros\u00e9n, con su recordada luz amarillenta. Por primera vez los carnavales son festejados con iluminaci\u00f3n el\u00e9ctrica generada en la propia localidad. Pasan los a\u00f1os y surgen los problemas. Se deteriora la [&hellip;]","og_url":"https:\/\/celt.com.ar\/site\/index.php\/institucional\/","og_site_name":"CELT","article_modified_time":"2024-12-20T12:01:59+00:00","og_image":[{"url":"https:\/\/celt.com.ar\/site\/wp-content\/uploads\/2024\/07\/vie08.jpg","type":"","width":"","height":""}],"twitter_card":"summary_large_image","twitter_misc":{"Tiempo de lectura":"4 minutos"},"schema":{"@context":"https:\/\/schema.org","@graph":[{"@type":"WebPage","@id":"https:\/\/celt.com.ar\/site\/index.php\/institucional\/","url":"https:\/\/celt.com.ar\/site\/index.php\/institucional\/","name":"Institucional - CELT","isPartOf":{"@id":"https:\/\/celt.com.ar\/site\/#website"},"primaryImageOfPage":{"@id":"https:\/\/celt.com.ar\/site\/index.php\/institucional\/#primaryimage"},"image":{"@id":"https:\/\/celt.com.ar\/site\/index.php\/institucional\/#primaryimage"},"thumbnailUrl":"https:\/\/celt.com.ar\/site\/wp-content\/uploads\/2024\/07\/vie08.jpg","datePublished":"2024-07-19T21:04:01+00:00","dateModified":"2024-12-20T12:01:59+00:00","breadcrumb":{"@id":"https:\/\/celt.com.ar\/site\/index.php\/institucional\/#breadcrumb"},"inLanguage":"es","potentialAction":[{"@type":"ReadAction","target":["https:\/\/celt.com.ar\/site\/index.php\/institucional\/"]}]},{"@type":"ImageObject","inLanguage":"es","@id":"https:\/\/celt.com.ar\/site\/index.php\/institucional\/#primaryimage","url":"https:\/\/celt.com.ar\/site\/wp-content\/uploads\/2024\/07\/vie08.jpg","contentUrl":"https:\/\/celt.com.ar\/site\/wp-content\/uploads\/2024\/07\/vie08.jpg"},{"@type":"BreadcrumbList","@id":"https:\/\/celt.com.ar\/site\/index.php\/institucional\/#breadcrumb","itemListElement":[{"@type":"ListItem","position":1,"name":"Portada","item":"https:\/\/celt.com.ar\/site\/"},{"@type":"ListItem","position":2,"name":"Institucional"}]},{"@type":"WebSite","@id":"https:\/\/celt.com.ar\/site\/#website","url":"https:\/\/celt.com.ar\/site\/","name":"CELT","description":"Cooperativa El\u00e9ctrica de Tornquist","publisher":{"@id":"https:\/\/celt.com.ar\/site\/#organization"},"potentialAction":[{"@type":"SearchAction","target":{"@type":"EntryPoint","urlTemplate":"https:\/\/celt.com.ar\/site\/?s={search_term_string}"},"query-input":{"@type":"PropertyValueSpecification","valueRequired":true,"valueName":"search_term_string"}}],"inLanguage":"es"},{"@type":"Organization","@id":"https:\/\/celt.com.ar\/site\/#organization","name":"CELT","url":"https:\/\/celt.com.ar\/site\/","logo":{"@type":"ImageObject","inLanguage":"es","@id":"https:\/\/celt.com.ar\/site\/#\/schema\/logo\/image\/","url":"https:\/\/celt.com.ar\/site\/wp-content\/uploads\/2024\/06\/CELT.png","contentUrl":"https:\/\/celt.com.ar\/site\/wp-content\/uploads\/2024\/06\/CELT.png","width":515,"height":574,"caption":"CELT"},"image":{"@id":"https:\/\/celt.com.ar\/site\/#\/schema\/logo\/image\/"}}]}},"_links":{"self":[{"href":"https:\/\/celt.com.ar\/site\/index.php\/wp-json\/wp\/v2\/pages\/360","targetHints":{"allow":["GET"]}}],"collection":[{"href":"https:\/\/celt.com.ar\/site\/index.php\/wp-json\/wp\/v2\/pages"}],"about":[{"href":"https:\/\/celt.com.ar\/site\/index.php\/wp-json\/wp\/v2\/types\/page"}],"author":[{"embeddable":true,"href":"https:\/\/celt.com.ar\/site\/index.php\/wp-json\/wp\/v2\/users\/1"}],"replies":[{"embeddable":true,"href":"https:\/\/celt.com.ar\/site\/index.php\/wp-json\/wp\/v2\/comments?post=360"}],"version-history":[{"count":112,"href":"https:\/\/celt.com.ar\/site\/index.php\/wp-json\/wp\/v2\/pages\/360\/revisions"}],"predecessor-version":[{"id":1407,"href":"https:\/\/celt.com.ar\/site\/index.php\/wp-json\/wp\/v2\/pages\/360\/revisions\/1407"}],"wp:attachment":[{"href":"https:\/\/celt.com.ar\/site\/index.php\/wp-json\/wp\/v2\/media?parent=360"}],"curies":[{"name":"wp","href":"https:\/\/api.w.org\/{rel}","templated":true}]}}